{"id":75,"date":"2016-10-02T15:48:09","date_gmt":"2016-10-02T13:48:09","guid":{"rendered":"http:\/\/www.metalltechnik-fasthuber.at\/?page_id=75"},"modified":"2026-04-27T08:35:16","modified_gmt":"2026-04-27T06:35:16","slug":"gartentechnik","status":"publish","type":"page","link":"https:\/\/www.metalltechnik-fasthuber.at\/?page_id=75","title":{"rendered":"Gartentechnik"},"content":{"rendered":"\n<p>Wir haben eine gro\u00dfe Auswahl an Gartenger\u00e4ten zum M\u00e4hen, Hacken, Mulchen, Saugen, Trimmen, Vertikutieren und vielem mehr. Mit Benzin oder Akku.<br>Vom selber m\u00e4hen mit einem Rasenm\u00e4her, bis zum m\u00e4hen lassen mit einem Automower.<\/p>\n\n\n\n<p>Wir kommen auch gerne vorbei und beraten Sie vor Ort, welches Ger\u00e4t zu Ihrem Garten am Besten passt.<\/p>\n\n\n\n<figure class=\"wp-block-gallery has-nested-images columns-default is-cropped wp-block-gallery-1 is-layout-flex wp-block-gallery-is-layout-flex\">\n<figure class=\"wp-block-image size-large\"><img decoding=\"async\" data-id=\"1171\" src=\"https:\/\/www.metalltechnik-fasthuber.at\/wp-content\/uploads\/2019\/03\/Automower-435AWD.jpg\" alt=\"\" class=\"wp-image-1171\"\/><\/figure>\n\n\n\n<figure class=\"wp-block-image size-large\"><img loading=\"lazy\" decoding=\"async\" width=\"1024\" height=\"535\" data-id=\"1126\" src=\"https:\/\/www.metalltechnik-fasthuber.at\/wp-content\/uploads\/2019\/02\/Automower-535-AWD-1024x535.jpg\" alt=\"\" class=\"wp-image-1126\" srcset=\"https:\/\/www.metalltechnik-fasthuber.at\/wp-content\/uploads\/2019\/02\/Automower-535-AWD-1024x535.jpg 1024w, https:\/\/www.metalltechnik-fasthuber.at\/wp-content\/uploads\/2019\/02\/Automower-535-AWD-300x157.jpg 300w, https:\/\/www.metalltechnik-fasthuber.at\/wp-content\/uploads\/2019\/02\/Automower-535-AWD-768x401.jpg 768w, https:\/\/www.metalltechnik-fasthuber.at\/wp-content\/uploads\/2019\/02\/Automower-535-AWD.jpg 1200w\" sizes=\"auto, (max-width: 1024px) 100vw, 1024px\" \/><\/figure>\n\n\n\n<figure class=\"wp-block-image size-large\"><img decoding=\"async\" data-id=\"1170\" src=\"https:\/\/www.metalltechnik-fasthuber.at\/wp-content\/uploads\/2019\/03\/Akku-Rasenm\u00e4her-LC347ViX.png\" alt=\"\" class=\"wp-image-1170\"\/><\/figure>\n\n\n\n<figure class=\"wp-block-image size-large\"><img loading=\"lazy\" decoding=\"async\" width=\"252\" height=\"200\" data-id=\"869\" src=\"https:\/\/www.metalltechnik-fasthuber.at\/wp-content\/uploads\/2017\/11\/Rasenm\u00e4her-551SP.jpg\" alt=\"\" class=\"wp-image-869\"\/><\/figure>\n\n\n\n<figure class=\"wp-block-image size-large\"><img loading=\"lazy\" decoding=\"async\" width=\"920\" height=\"498\" data-id=\"868\" src=\"https:\/\/www.metalltechnik-fasthuber.at\/wp-content\/uploads\/2017\/11\/Rider-320TS-AWD.png\" alt=\"\" class=\"wp-image-868\" srcset=\"https:\/\/www.metalltechnik-fasthuber.at\/wp-content\/uploads\/2017\/11\/Rider-320TS-AWD.png 920w, https:\/\/www.metalltechnik-fasthuber.at\/wp-content\/uploads\/2017\/11\/Rider-320TS-AWD-300x162.png 300w, https:\/\/www.metalltechnik-fasthuber.at\/wp-content\/uploads\/2017\/11\/Rider-320TS-AWD-768x416.png 768w\" sizes=\"auto, (max-width: 920px) 100vw, 920px\" \/><\/figure>\n\n\n\n<figure class=\"wp-block-image size-large\"><img loading=\"lazy\" decoding=\"async\" width=\"680\" height=\"460\" data-id=\"866\" src=\"https:\/\/www.metalltechnik-fasthuber.at\/wp-content\/uploads\/2017\/11\/524AWD-Rider.png\" alt=\"\" class=\"wp-image-866\" srcset=\"https:\/\/www.metalltechnik-fasthuber.at\/wp-content\/uploads\/2017\/11\/524AWD-Rider.png 680w, https:\/\/www.metalltechnik-fasthuber.at\/wp-content\/uploads\/2017\/11\/524AWD-Rider-300x203.png 300w\" sizes=\"auto, (max-width: 680px) 100vw, 680px\" \/><\/figure>\n\n\n\n<figure class=\"wp-block-image size-large\"><img loading=\"lazy\" decoding=\"async\" width=\"1024\" height=\"517\" data-id=\"858\" src=\"https:\/\/www.metalltechnik-fasthuber.at\/wp-content\/uploads\/2017\/11\/Rasentraktor-TC342T-1024x517.jpg\" alt=\"\" class=\"wp-image-858\" srcset=\"https:\/\/www.metalltechnik-fasthuber.at\/wp-content\/uploads\/2017\/11\/Rasentraktor-TC342T-1024x517.jpg 1024w, https:\/\/www.metalltechnik-fasthuber.at\/wp-content\/uploads\/2017\/11\/Rasentraktor-TC342T-300x151.jpg 300w, https:\/\/www.metalltechnik-fasthuber.at\/wp-content\/uploads\/2017\/11\/Rasentraktor-TC342T-768x388.jpg 768w, https:\/\/www.metalltechnik-fasthuber.at\/wp-content\/uploads\/2017\/11\/Rasentraktor-TC342T-1200x605.jpg 1200w\" sizes=\"auto, (max-width: 1024px) 100vw, 1024px\" \/><\/figure>\n\n\n\n<figure class=\"wp-block-image size-large\"><img loading=\"lazy\" decoding=\"async\" width=\"1024\" height=\"542\" data-id=\"853\" src=\"https:\/\/www.metalltechnik-fasthuber.at\/wp-content\/uploads\/2017\/11\/Automower-450X-1024x542.jpg\" alt=\"\" class=\"wp-image-853\" srcset=\"https:\/\/www.metalltechnik-fasthuber.at\/wp-content\/uploads\/2017\/11\/Automower-450X-1024x542.jpg 1024w, https:\/\/www.metalltechnik-fasthuber.at\/wp-content\/uploads\/2017\/11\/Automower-450X-300x159.jpg 300w, https:\/\/www.metalltechnik-fasthuber.at\/wp-content\/uploads\/2017\/11\/Automower-450X-768x407.jpg 768w, https:\/\/www.metalltechnik-fasthuber.at\/wp-content\/uploads\/2017\/11\/Automower-450X-1200x636.jpg 1200w\" sizes=\"auto, (max-width: 1024px) 100vw, 1024px\" \/><\/figure>\n\n\n\n<figure class=\"wp-block-image size-large\"><img loading=\"lazy\" decoding=\"async\" width=\"1024\" height=\"566\" data-id=\"851\" src=\"https:\/\/www.metalltechnik-fasthuber.at\/wp-content\/uploads\/2017\/11\/Akku-Sense-536LIRX-1024x566.jpg\" alt=\"\" class=\"wp-image-851\" srcset=\"https:\/\/www.metalltechnik-fasthuber.at\/wp-content\/uploads\/2017\/11\/Akku-Sense-536LIRX-1024x566.jpg 1024w, https:\/\/www.metalltechnik-fasthuber.at\/wp-content\/uploads\/2017\/11\/Akku-Sense-536LIRX-300x166.jpg 300w, https:\/\/www.metalltechnik-fasthuber.at\/wp-content\/uploads\/2017\/11\/Akku-Sense-536LIRX-768x425.jpg 768w, https:\/\/www.metalltechnik-fasthuber.at\/wp-content\/uploads\/2017\/11\/Akku-Sense-536LIRX-1200x664.jpg 1200w\" sizes=\"auto, (max-width: 1024px) 100vw, 1024px\" \/><\/figure>\n\n\n\n<figure class=\"wp-block-image size-large\"><img loading=\"lazy\" decoding=\"async\" width=\"1024\" height=\"434\" data-id=\"849\" src=\"https:\/\/www.metalltechnik-fasthuber.at\/wp-content\/uploads\/2017\/11\/Akku-Heckenschere-536LIHD60X-1024x434.jpg\" alt=\"\" class=\"wp-image-849\" srcset=\"https:\/\/www.metalltechnik-fasthuber.at\/wp-content\/uploads\/2017\/11\/Akku-Heckenschere-536LIHD60X-1024x434.jpg 1024w, https:\/\/www.metalltechnik-fasthuber.at\/wp-content\/uploads\/2017\/11\/Akku-Heckenschere-536LIHD60X-300x127.jpg 300w, https:\/\/www.metalltechnik-fasthuber.at\/wp-content\/uploads\/2017\/11\/Akku-Heckenschere-536LIHD60X-768x326.jpg 768w, https:\/\/www.metalltechnik-fasthuber.at\/wp-content\/uploads\/2017\/11\/Akku-Heckenschere-536LIHD60X-1200x509.jpg 1200w\" sizes=\"auto, (max-width: 1024px) 100vw, 1024px\" \/><\/figure>\n\n\n\n<figure class=\"wp-block-image size-large\"><img loading=\"lazy\" decoding=\"async\" width=\"1024\" height=\"256\" data-id=\"901\" src=\"https:\/\/www.metalltechnik-fasthuber.at\/wp-content\/uploads\/2017\/12\/Alko-Rasenm\u00e4her-1024x256.jpg\" alt=\"\" class=\"wp-image-901\" srcset=\"https:\/\/www.metalltechnik-fasthuber.at\/wp-content\/uploads\/2017\/12\/Alko-Rasenm\u00e4her-1024x256.jpg 1024w, https:\/\/www.metalltechnik-fasthuber.at\/wp-content\/uploads\/2017\/12\/Alko-Rasenm\u00e4her-300x75.jpg 300w, https:\/\/www.metalltechnik-fasthuber.at\/wp-content\/uploads\/2017\/12\/Alko-Rasenm\u00e4her-768x192.jpg 768w, https:\/\/www.metalltechnik-fasthuber.at\/wp-content\/uploads\/2017\/12\/Alko-Rasenm\u00e4her-1200x300.jpg 1200w, https:\/\/www.metalltechnik-fasthuber.at\/wp-content\/uploads\/2017\/12\/Alko-Rasenm\u00e4her.jpg 1400w\" sizes=\"auto, (max-width: 1024px) 100vw, 1024px\" \/><\/figure>\n<\/figure>\n\n\n\n<p>Unsere Partnerunternehmen:<br> <a href=\"http:\/\/www.husqvarna.com\/at\/\">Husqvarna<br><\/a><a href=\"http:\/\/www.al-ko.com\/at\">Alko<br><\/a><a href=\"http:\/\/www.herkules-garten.at\">Herkules<br><\/a><a href=\"https:\/\/ke.kubota-eu.com\/groundcare\/de\/?country=at\">Kubota<\/a><\/p>\n","protected":false},"excerpt":{"rendered":"<p>Wir haben eine gro\u00dfe Auswahl an Gartenger\u00e4ten zum M\u00e4hen, Hacken, Mulchen, Saugen, Trimmen, Vertikutieren und vielem mehr. Mit Benzin oder Akku.Vom selber m\u00e4hen mit einem Rasenm\u00e4her, bis zum m\u00e4hen lassen mit einem Automower. Wir kommen auch gerne vorbei und beraten Sie vor Ort, welches Ger\u00e4t zu Ihrem Garten am Besten passt. Unsere Partnerunternehmen: HusqvarnaAlkoHerkulesKubota<\/p>\n","protected":false},"author":3,"featured_media":0,"parent":45,"menu_order":0,"comment_status":"closed","ping_status":"closed","template":"","meta":{"footnotes":""},"class_list":["post-75","page","type-page","status-publish","hentry"],"_links":{"self":[{"href":"https:\/\/www.metalltechnik-fasthuber.at\/index.php?rest_route=\/wp\/v2\/pages\/75","targetHints":{"allow":["GET"]}}],"collection":[{"href":"https:\/\/www.metalltechnik-fasthuber.at\/index.php?rest_route=\/wp\/v2\/pages"}],"about":[{"href":"https:\/\/www.metalltechnik-fasthuber.at\/index.php?rest_route=\/wp\/v2\/types\/page"}],"author":[{"embeddable":true,"href":"https:\/\/www.metalltechnik-fasthuber.at\/index.php?rest_route=\/wp\/v2\/users\/3"}],"replies":[{"embeddable":true,"href":"https:\/\/www.metalltechnik-fasthuber.at\/index.php?rest_route=%2Fwp%2Fv2%2Fcomments&post=75"}],"version-history":[{"count":21,"href":"https:\/\/www.metalltechnik-fasthuber.at\/index.php?rest_route=\/wp\/v2\/pages\/75\/revisions"}],"predecessor-version":[{"id":1654,"href":"https:\/\/www.metalltechnik-fasthuber.at\/index.php?rest_route=\/wp\/v2\/pages\/75\/revisions\/1654"}],"up":[{"embeddable":true,"href":"https:\/\/www.metalltechnik-fasthuber.at\/index.php?rest_route=\/wp\/v2\/pages\/45"}],"wp:attachment":[{"href":"https:\/\/www.metalltechnik-fasthuber.at\/index.php?rest_route=%2Fwp%2Fv2%2Fmedia&parent=75"}],"curies":[{"name":"wp","href":"https:\/\/api.w.org\/{rel}","templated":true}]}}