{"id":1069,"date":"2018-10-17T16:19:23","date_gmt":"2018-10-17T14:19:23","guid":{"rendered":"http:\/\/www.metalltechnik-fasthuber.at\/?page_id=1069"},"modified":"2019-02-15T14:26:29","modified_gmt":"2019-02-15T13:26:29","slug":"datenschutz","status":"publish","type":"page","link":"https:\/\/www.metalltechnik-fasthuber.at\/?page_id=1069","title":{"rendered":"Datenschutz"},"content":{"rendered":"<p style=\"text-align: left;\"><strong>Datenschutz<\/strong><\/p>\n<p style=\"text-align: left;\">Besonders wichtig ist uns, der Schutz Ihrer pers\u00f6nlichen Daten. Die Daten von Ihnen werden auf Grundlagen der gesetzlichen Bestimmungen verarbeitet. Bei unserer Website informieren wir Sie \u00fcber die wichtigsten Punkte der Datenverarbeitung.<\/p>\n<p style=\"text-align: left;\">Bei unserer Website finden Sie die so genannten Cookies. Cookies sind Daten, die von einer Website, die Sie besuchen, auf Ihrem Rechner gespeichert werden. Sie sind nicht gef\u00e4hrlich und richten keinen Schaden an. Wenn Sie die Cookies deaktivieren, k\u00f6nnte unsere Website f\u00fcr Sie eingeschr\u00e4nkt funktionieren.<\/p>\n<p style=\"text-align: left;\">Auf unser Website finden Sie auch ein E-Mail Kontaktformular dort k\u00f6nnen Sie Kontakt mit uns aufnehmen. Ihre angegebenen Daten werden f\u00fcr die Bearbeitung der Anfrage und f\u00fcr den Fall von Anschlussfragen bei uns gespeichert. Wir geben Ihre Daten nicht ohne Ihre Einwilligung weiter.<\/p>\n<p style=\"text-align: left;\">Ihre Rechte sind: Auskunft, Berichtigung, L\u00f6schung, Einschr\u00e4nkung, Daten-\u00dcbertragbarkeit, Widerspruch und Widerruf.<br \/>\nWir behandeln Ihre Daten laut dem Datenschutzgesetz und Sie k\u00f6nnen jederzeit Ihre Daten widerrufen.<\/p>\n","protected":false},"excerpt":{"rendered":"<p>Datenschutz Besonders wichtig ist uns, der Schutz Ihrer pers\u00f6nlichen Daten. Die Daten von Ihnen werden auf Grundlagen der gesetzlichen Bestimmungen verarbeitet. Bei unserer Website informieren wir Sie \u00fcber die wichtigsten Punkte der Datenverarbeitung. Bei unserer Website finden Sie die so genannten Cookies. Cookies sind Daten, die von einer Website, die Sie besuchen, auf Ihrem Rechner [&hellip;]<\/p>\n","protected":false},"author":3,"featured_media":0,"parent":14,"menu_order":3,"comment_status":"closed","ping_status":"closed","template":"","meta":{"footnotes":""},"class_list":["post-1069","page","type-page","status-publish","hentry"],"_links":{"self":[{"href":"https:\/\/www.metalltechnik-fasthuber.at\/index.php?rest_route=\/wp\/v2\/pages\/1069","targetHints":{"allow":["GET"]}}],"collection":[{"href":"https:\/\/www.metalltechnik-fasthuber.at\/index.php?rest_route=\/wp\/v2\/pages"}],"about":[{"href":"https:\/\/www.metalltechnik-fasthuber.at\/index.php?rest_route=\/wp\/v2\/types\/page"}],"author":[{"embeddable":true,"href":"https:\/\/www.metalltechnik-fasthuber.at\/index.php?rest_route=\/wp\/v2\/users\/3"}],"replies":[{"embeddable":true,"href":"https:\/\/www.metalltechnik-fasthuber.at\/index.php?rest_route=%2Fwp%2Fv2%2Fcomments&post=1069"}],"version-history":[{"count":2,"href":"https:\/\/www.metalltechnik-fasthuber.at\/index.php?rest_route=\/wp\/v2\/pages\/1069\/revisions"}],"predecessor-version":[{"id":1123,"href":"https:\/\/www.metalltechnik-fasthuber.at\/index.php?rest_route=\/wp\/v2\/pages\/1069\/revisions\/1123"}],"up":[{"embeddable":true,"href":"https:\/\/www.metalltechnik-fasthuber.at\/index.php?rest_route=\/wp\/v2\/pages\/14"}],"wp:attachment":[{"href":"https:\/\/www.metalltechnik-fasthuber.at\/index.php?rest_route=%2Fwp%2Fv2%2Fmedia&parent=1069"}],"curies":[{"name":"wp","href":"https:\/\/api.w.org\/{rel}","templated":true}]}}